(l) = -4*m(l) + q(l). What is the units digit of s(-23)?
3
Suppose 71*c - 185*c + 3385572 = 0. What is the hundreds digit of c?
6
Suppose -353*t + 10920 = -346*t. Suppose 2*q - 2*x = t, 5*q + 2*x - 2360 = 2*q. What is the units digit of q?
4
Let u(l) = 17*l**3 + 3*l**2 + 2*l - 16. Let w be u(4). Suppose w = 446*x - 442*x. What is the units digit of x?
2
Suppose 1534098 + 1682598 = 146*c + 18*c. What is the thousands digit of c?
9
Suppose -8 = 2*s, 7*o - 6*o = -4*s + 9. Let t(z) = 4*z - 38. What is the tens digit of t(o)?
6
Let c(b) = -b + 7*b + 11*b + 60 + 30*b. What is the units digit of c(6)?
2
Let c be (2/(-12) + 95/(-15))*-2. Suppose 13*j + c*j = 47242. What is the hundreds digit of j?
8
Let j(p) = 9*p**2 - 11. Let v be j(-14). Suppose 543 = 4*l - v. Suppose 0*b + 566 = 4*b + u, 4*b - 3*u = l. What is the tens digit of b?
4
Let k(r) = -9*r**3 + 5*r**2 + 7*r + 7. Let m be k(5). Let f = -624 - m. What is the hundreds digit of f?
3
Let v(g) = 4*g**3 - 8*g**2 - 2*g - 9. What is the tens digit of v(6)?
5
Suppose -939*q + 73489 = -926*q. What is the tens digit of q?
5
What is the hundreds digit of (5 + 35128 + 5)*(13 + -6)/14?
5
Let p = -193 - -134. Let h = p - -61. Suppose -h*f = -3*f + 4. What is the units digit of f?
4
Let u(r) be the third derivative of -21*r**5/20 + r**4/24 + 2*r**3/3 + r**2. Let n be u(11). What is the hundreds digit of (1/(-3))/(5 + n/1521)?
1
What is the tens digit of (-48)/(-2) + 9 + -21 + 41575?
8
Let o be -8 + -1*(0 + -3). Let x(w) = 2*w - 14. Let u(i) = -2*i + 1. Let r(b) = 2*u(b) - x(b). What is the tens digit of r(o)?
4
Suppose -3*l + 647 = 2*u, -2*l + 968 = 3*u + 2*l. Suppose -m - 5*d + u = 0, 918 = 3*m + 7*d - 2*d. Let y = m - 173. What is the tens digit of y?
2
Suppose 2*d = 3*r + 5678, 2*r - 2044 = -5*d + 12170. What is the hundreds digit of d?
8
Let q = 47 + -47. Let t be (-4 + 5)*q/(-4). Suppose 3*h - 6*h + 270 = t. What is the units digit of h?
0
Let i be ((-12)/9)/((-4)/57). Suppose u - 101 = -i. What is the units digit of u?
2
Let z(u) = -3*u**3 - 8*u**2 - 65*u + 37. What is the thousands digit of z(-13)?
6
Let y = 409 + -305. What is the tens digit of y?
0
Let v be (-4 - 7/(56/204))*-406. Let p = v - 8424. Suppose -18*q = -q - p. What is the units digit of q?
9
Let r = 216 + 395. Suppose 13*j = 16*j + d - 914, -2*j + d = -r. What is the units digit of j?
5
Suppose 2*j - 120 = -2*j + 5*m, -2*j + 4*m = -54. Let r = 39 - j. Suppose -g - r = -38. What is the units digit of g?
4
Suppose 8*p = -3*a + 12*p - 87, 5*a + 122 = -p. Let g(m) = m**2 + 24*m + 2. What is the units digit of g(a)?
7
Let w be ((-100)/160)/(2/(-16)). Suppose -5*o = -2*j - 629, -11*o + 13*o - 240 = -w*j. What is the hundreds digit of o?
1
Suppose -7 - 1 = -x + q, -4*q = 20. Suppose -3*o + 1137 = x*z, -2*z + 0*o + 738 = -3*o. What is the units digit of z?
5
Let n(g) = -2*g**2 + 26*g + 8. Let y be n(13). What is the hundreds digit of 2/((-48)/y) - (-1330)/3?
4
Let k(i) = i**2 - 3*i - 23. Let r be (6*(-12)/144)/(2/(-28)). What is the units digit of k(r)?
5
Let u(o) = -2*o**2 + 41*o - 20. Let h be u(20). Suppose h*c - 372 = -4*c. What is the units digit of c?
3
Let f(u) = -u**2 - 10*u - 9. Let m be f(-9). Suppose 0 = -3*h + b - 75, h - b = -m*b - 27. What is the units digit of (-103)/(-5) - h/60?
1
Suppose -5*d - 1012 = 6*d. Let c be (-33)/(-11)*d/(-6)*-1. Let g = c + 48. What is the units digit of g?
2
Let x be -12 + (-7 + 7)/1. What is the tens digit of (7 + -10)/(x/3560)?
9
Let s(g) be the third derivative of g**5/15 + 5*g**4/24 - 3*g**3 - 49*g**2. What is the units digit of s(9)?
1
Suppose -11*z = -7*z + 3*h - 41259, 2*z + 2*h - 20626 = 0. What is the ten thousands digit of z?
1
Let r = -53 + 53. Suppose -57*y + 52*y + 2300 = r. What is the units digit of y?
0
Let g be ((-4)/(-2) - -593) + 24 + -21. Let h = 126 + g. What is the hundreds digit of h?
7
Let r = 18973 - 10776. What is the thousands digit of r?
8
Let x(l) = l**2 + l + 1. Let r(q) = -41*q**2 - 4*q + 2. Let g(y) = -r(y) - 4*x(y). Let s = 23 + -21. What is the hundreds digit of g(s)?
1
Let k(u) = 29*u**3 + 3*u**2 - 3*u + 1. Let f = 34 - 27. Suppose 10*o - 6 = f*o. What is the hundreds digit of k(o)?
2
Suppose 722748 = 143*z - 130*z. What is the hundreds digit of z?
5
Let d(m) = 2217*m**2 - 159*m - 663. What is the thousands digit of d(-4)?
5
Let k be -4*(-2 - -5)*(13 - 12). Let u(s) = s**3 + 20*s**2 + 18*s + 26. What is the tens digit of u(k)?
6
Let u(x) = 165*x**2 + 10*x - 14. Let f be u(3). Suppose -6*k + 2699 + f = 0. What is the tens digit of k?
0
Let h(y) = -y**3 + 13*y**2 + 17*y + 71. What is the hundreds digit of h(-12)?
4
Let m be -3 + 5 + 398 + -5. Suppose -5*q = -370 - m. Suppose q = -29*d + 30*d. What is the tens digit of d?
5
What is the ten thousands digit of 17609 - 7/(2 - 6/6)?
1
Let n be 137 - (5/15)/((-2)/18). Suppose u = 11*u - n. What is the units digit of (-1 - -2)*(-1 + u)?
3
Let u be 460/100 + 0 + 4/10. Suppose 5*n - 19 + 3 = 4*r, -21 = -u*n - r. Suppose n*s - 239 = 3*s. What is the hundreds digit of s?
2
Suppose 5*i + 7256 - 58085 = 3*s, 4*i + 16*s = 40700. What is the hundreds digit of i?
1
Let l(f) = -140*f - 59. Let z be l(-1). Suppose -4*o + z = 5*w - 631, -5*w = -20. What is the tens digit of o?
7
Let z(o) = 8*o**2 + 20*o + 99. Let m be z(-13). Suppose 2*d = 2*n - 1152, -3*n + m + 551 = 4*d. What is the tens digit of n?
7
Let t(w) be the first derivative of w**4/4 + 6*w**3 + 13*w**2/2 - 27*w - 115. What is the units digit of t(-15)?
3
Suppose 65*p - 51138 = 36136 + 292456. What is the hundreds digit of p?
8
Suppose 0 = 6*t - 61 - 5. Let n(s) = 12*s + t*s - 7 + 3*s - 3. What is the tens digit of n(7)?
7
Let n = 22 - 11. Let y = n + -10. What is the tens digit of 43/(1 - (y + -1))?
4
Let g = 26594 + -17530. What is the units digit of g?
4
Let p(m) be the third derivative of -m**5/30 - 27*m**4/8 - 47*m**3/2 - 174*m**2. What is the tens digit of p(-38)?
4
Suppose 3*t - 27593 = -32*v + 28*v, 2*v = 2*t + 13800. What is the tens digit of v?
9
Suppose -7*h - 40 = -8*h. Suppose 0 = h*u - 27*u - 11934. What is the units digit of u?
8
Let p(c) = -83*c + 7. Let w be p(-7). Suppose 0*d - 33 = -d - 5*q, 0 = 5*d - 4*q - 20. Suppose g = d*g - w. What is the tens digit of g?
8
Let k = 147833 + -77203. What is the hundreds digit of k?
6
Let x = -435 + 441. Suppose 3*c + x = 0, -3*v - 49*c + 1629 = -52*c. What is the tens digit of v?
4
Let c(i) = i**3 + 69*i**2 - 240*i + 113. What is the tens digit of c(-72)?
4
Let d(u) = -22*u**3 + 2*u**2 + 3*u + 2. Let m be d(-1). Let q(c) = 7*c - 1 - 20 + m*c. What is the units digit of q(4)?
9
Let w be 438/(-22) + 14/(-154). Let y(h) = -32*h - 15. What is the tens digit of y(w)?
2
Let w(t) = 22*t + 113. Let o be w(-5). Suppose -7*j + o*k = -10*j + 978, 0 = -j + k + 318. What is the units digit of j?
2
Let l = 391 - 647. Suppose -3*z + 4*v = 8*v + 1501, z + 509 = 3*v. Let i = l - z. What is the tens digit of i?
4
Let l(y) = y**3 + 11*y**2 - 16*y + 12. Let s be l(-12). Let v = 63 - s. Suppose -v*g + 6*g = -5*x + 42, 5*g + 3*x - 70 = 0. What is the units digit of g?
4
Let a(b) = -b**2 + 11*b**2 - 10*b**2 + 9*b**2 - 7 + 3*b. Let s = -11 - -7. What is the units digit of a(s)?
5
Suppose -270*f - 394 = -272*f. Let i = 314 - f. What is the hundreds digit of i?
1
Suppose 0 = 48*v - 2144747 + 363467. What is the ten thousands digit of v?
3
Let g(b) = -b**2 + 5*b + 16. Let k be g(7). Suppose -2*w + 3*q + 518 = 86, -2*w - k*q + 412 = 0. Suppose 2*v = w - 4. What is the units digit of v?
3
Suppose -26 = -3*x - 14. Suppose -18*r + 4*v - 4212 = -23*r, 4*r + x*v = 3368. What is the units digit of r?
4
Suppose -42 = -3*i + 12. Suppose 0 = -3*j + l - 2*l + 15, 2*l - i = -3*j. Suppose -75 = -j*r + 113. What is the tens digit of r?
4
Let r = 102 + -132. What is the tens digit of -76*2*r/12?
8
Suppose -5*v = -5*i - 2*v + 52, -i + 4*v + 24 = 0. Let n(s) = 10*s + 93. What is the tens digit of n(i)?
7
What is the units digit of (1 - (-2)/(4/(-6))*-1) + 9511?
5
Let r = -160 - 540. Let n = 2425 + r. What is the hundreds digit of n?
7
Let t(o) = -8*o**2 + 21*o + 10. Let q(m) = 9*m**2 - 22*m - 9. Let y(h) = -5*q(h) - 6*t(h). What is the units digit of y(-4)?
7
Suppose 4*i - 4*h = 98096, 4 = 83*h - 84*h. What is the hundreds digit of i?
5
Let m = -100056 + 145